9, 653
List the prime factors of 205700960.
2, 5, 23, 55897
What are the prime factors of 1410124922?
2, 61, 11558401
What are the prime factors of 240628601?
240628601
What are the prime factors of 10118908?
2, 37, 68371
What are the prime factors of 4825386?
2, 3, 193, 463
List the prime factors of 2834026113.
3, 944675371
What are the prime factors of 211595535?
3, 5, 59, 79697
List the prime factors of 703241280.
2, 3, 5, 7, 34883
What are the prime factors of 459040763?
97, 163, 29033
What are the prime factors of 17974549?
1439, 12491
What are the prime factors of 39455714?
2, 19727857
List the prime factors of 40026574.
2, 7, 1213, 2357
What are the prime factors of 1650062628?
2, 3, 199, 230327
List the prime factors of 25157989.
101, 249089
List the prime factors of 27367379.
13, 2105183
List the prime factors of 18931040.
2, 5, 179, 661
What are the prime factors of 139899797?
59, 2371183
List the prime factors of 3577186442.
2, 73, 24501277
List the prime factors of 544201264.
2, 137, 248267
What are the prime factors of 3144775961?
83, 37888867
List the prime factors of 483143824.
2, 149, 202661
What are the prime factors of 783106?
2, 391553
List the prime factors of 4460390015.
5, 3011, 296273
List the prime factors of 512150791.
512150791
List the prime factors of 47556619.
11, 4323329
What are the prime factors of 190959418?
2, 13, 7344593
List the prime factors of 33774175.
5, 61, 22147
What are the prime factors of 75118868?
2, 11, 593, 2879
List the prime factors of 2437238027.
7, 947, 367663
What are the prime factors of 59441213?
13, 29, 157669
List the prime factors of 38782208.
2, 197, 769
What are the prime factors of 654200527?
457, 1431511
List the prime factors of 729101240.
2, 5, 7, 2603933
List the prime factors of 133967205.
3, 5, 2977049
What are the prime factors of 1040730207?
3, 11, 53, 595043
List the prime factors of 1738534825.
5, 69541393
What are the prime factors of 2443189615?
5, 4139, 118057
List the prime factors of 2026068609.
3, 3343, 202021
What are the prime factors of 239620912?
2, 509, 29423
List the prime factors of 256096659.
3, 7, 13, 938083
List the prime factors of 515009924.
2, 11, 13, 69259
List the prime factors of 335119234.
2, 167, 1003351
What are the prime factors of 32558510?
2, 5, 41, 79411
List the prime factors of 302263876.
2, 17, 53, 83869
List the prime factors of 477738820.
2, 5, 13, 37, 53, 937
List the prime factors of 443357856.
2, 3, 19, 81023
What are the prime factors of 4852808363?
13, 5861, 63691
List the prime factors of 773514520.
2, 5, 19337863
What are the prime factors of 45845050?
2, 5, 83, 11047
What are the prime factors of 4166091590?
2, 5, 37, 41, 274627
What are the prime factors of 1613430962?
2, 11, 13, 73, 77279
List the prime factors of 88161782.
2, 43, 1025137
List the prime factors of 2593530.
2, 3, 5, 28817
What are the prime factors of 769117849?
769117849
What are the prime factors of 2957722677?
3, 7, 13, 61, 73, 811
List the prime factors of 79020404.
2, 19755101
List the prime factors of 946217739.
3, 17, 18553289
What are the prime factors of 107524037?
43, 2500559
What are the prime factors of 1843565122?
2, 7, 97, 193937
What are the prime factors of 41444978?
2, 2137, 9697
What are the prime factors of 4468424085?
3, 5, 19, 5226227
What are the prime factors of 6400392109?
6400392109
What are the prime factors of 483918781?
23, 21039947
What are the prime factors of 7380221064?
2, 3, 43, 7151377
List the prime factors of 84582219.
3, 79, 356887
List the prime factors of 44880080.
2, 5, 7, 107
What are the prime factors of 282080936?
2, 35260117
What are the prime factors of 284299038?
2, 3, 79, 66643
What are the prime factors of 36340229?
36340229
List the prime factors of 4834459448.
2, 7, 13, 53, 107, 1171
What are the prime factors of 269443879?
37, 7282267
What are the prime factors of 41235784?
2, 5154473
What are the prime factors of 443746282?
2, 7, 31696163
List the prime factors of 1692913759.
16931, 99989
What are the prime factors of 770068124?
2, 7, 37, 106187
List the prime factors of 3537543311.
17, 157, 1325419
List the prime factors of 1506866225.
5, 61, 988109
List the prime factors of 414332202.
2, 3, 19, 89, 97, 421
What are the prime factors of 131602977?
3, 11, 277, 4799
List the prime factors of 3645353906.
2, 1822676953
List the prime factors of 841010818.
2, 191, 2201599
What are the prime factors of 1418540931?
3, 19, 307243
List the prime factors of 16639270.
2, 5, 37, 44971
What are the prime factors of 14124320?
2, 5, 7, 12611
List the prime factors of 113348037.
3, 11, 29, 83, 1427
List the prime factors of 32778075.
3, 5, 11, 67, 593
What are the prime factors of 94253701?
23, 4097987
What are the prime factors of 1033704049?
7, 21096001
What are the prime factors of 112449770?
2, 5, 11244977
What are the prime factors of 90611965?
5, 43, 401, 1051
What are the prime factors of 174999855?
3, 5, 193, 60449
What are the prime factors of 693665380?
2, 5, 34683269
What are the prime factors of 2120682215?
5, 424136443
What are the prime factors of 507023599?
53, 547, 17489
What are the prime factors of 80513714?
2, 1471, 27367
What are the prime factors of 730170978?
2, 3, 17, 7158539
List the prime factors of 2292858236.
2, 59, 9715501
List the prime factors of 279881595.
3, 5, 7, 23, 79, 163
List the prime factors of 16218568.
2, 43, 47147
What are the prime factors of 80523604?
2, 7, 29, 131, 757
List the prime factors of 293344474.
2, 2311, 63467
List the prime factors of 2738134254.
2, 3, 4327, 105467
List the prime factors of 5038367040.
2, 3, 5, 7, 491, 509
What are the prime factors of 976240821?
3, 151, 2155057
What are the prime factors of 137464080?
2, 3, 5, 13, 44059
What are the prime factors of 482331338?
2, 241165669
List the prime factors of 3241171038.
2, 3, 7, 77170739
List the prime factors of 170400773.
97, 1756709
List the prime factors of 4096041258.
2, 3, 29, 47, 500861
What are the prime factors of 2122244854?
2, 1061122427
What are the prime factors of 67571270?
2, 5, 13, 39983
What are the prime factors of 3792684174?
2, 3, 632114029
What are the prime factors of 50339929?
3613, 13933
What are the prime factors of 1207408503?
3, 7, 113, 508811
List the prime factors of 62124050.
2, 5, 59, 21059
What are the prime factors of 4928037357?
3, 31, 52989649
List the prime factors of 125411051.
29, 4324519
What are the prime factors of 526595074?
2, 23, 1429, 8011
List the prime factors of 107535070.
2, 5, 61, 173, 1019
What are the prime factors of 1876805697?
3, 13, 48123223
List the prime factors of 737714595.
3, 5, 31, 331, 4793
List the prime factors of 272320695.
3, 5, 59, 109, 941
What are the prime factors of 907493962?
2, 67, 6772343
List the prime factors of 4546569931.
9173, 495647
List the prime factors of 781046490.
2, 3, 5, 7, 19, 195751
List the prime factors of 450345941.
450345941
What are the prime factors of 309403899?
3, 7, 1847, 2659
What are the prime factors of 3051803276?
2, 762950819
List the prime factors of 137970420.
2, 3, 5, 7, 67, 4903
What are the prime factors of 1023499638?
2, 3, 7, 19, 67, 709
List the prime factors of 259749823.
113, 2298671
What are the prime factors of 643678721?
7, 41, 2242783
What are the prime factors of 453484524?
2, 3, 37790377
What are the prime factors of 46574?
2, 11, 29, 73
What are the prime factors of 33946621?
191, 223, 797
List the prime factors of 19040073.
3, 13, 488207
What are the prime factors of 1887583991?
59, 31992949
List the prime factors of 40024355.
5, 7, 19, 139, 433
List the prime factors of 1880377508.
2, 73, 257, 25057
What are the prime factors of 3175991526?
2, 3, 529331921
What are the prime factors of 3511252535?
5, 7, 19, 754297
What are the prime factors of 37375933?
7, 1259, 4241
What are the prime factors of 211648819?
191, 503, 2203
List the prime factors of 29573068.
2, 7, 150883
List the prime factors of 755844088.
2, 94480511
What are the prime factors of 1939309625?
5, 11, 31, 45497
List the prime factors of 51006136.
2, 6375767
List the prime factors of 1315633139.
1315633139
What are the prime factors of 62128855?
5, 12425771
What are the prime factors of 118266947?
4129, 28643
List the prime fa